se 3.
21220
41233 (base 8) to base 2
100001010011011
ac28 (base 13) to base 15
71c2
What is 2835 (base 10) in base 2?
101100010011
What is -11520 (base 7) in base 2?
-101110111011
Convert 10217 (base 8) to base 15.
13c9
Convert -5690 (base 14) to base 13.
-6ab7
Convert 486 (base 9) to base 11.
336
What is -1694 (base 10) in base 3?
-2022202
What is -125 (base 12) in base 2?
-10101101
Convert -10332 (base 6) to base 12.
-9a8
Convert -27882 (base 12) to base 6.
-1101442
Convert ba9 (base 12) to base 13.
a1a
-1abc2 (base 15) to base 11
-5a430
What is -52012 (base 6) in base 13?
-31c4
-e8 (base 16) to base 5
-1412
-104342 (base 5) to base 2
-111010001010
What is -2431 (base 6) in base 4?
-21103
953 (base 11) to base 15
517
What is 2049 (base 10) in base 3?
2210220
Convert -bc17 (base 15) to base 9.
-60584
Convert 1010110101 (base 2) to base 6.
3113
What is -6716 (base 8) in base 12?
-2066
Convert 2573 (base 13) to base 12.
3105
What is 4434 (base 8) in base 9?
3171
What is 1657 (base 11) in base 12?
1287
What is 141125 (base 8) in base 7?
265020
Convert -1702 (base 11) to base 6.
-14032
101010100101 (base 2) to base 16
aa5
What is -219d (base 15) in base 10?
-7123
Convert -130 (base 8) to base 9.
-107
Convert -7648 (base 9) to base 14.
-20a5
-529 (base 15) to base 11
-969
Convert -1567 (base 9) to base 8.
-2253
What is 8fb (base 16) in base 2?
100011111011
19b (base 15) to base 11
308
Convert 23020000 (base 4) to base 16.
b200
What is -cb6 (base 13) in base 11?
-16aa
What is -38842 (base 10) in base 3?
-1222021121
-16107 (base 11) to base 3
-1011012210
What is 2027 (base 15) in base 14?
268b
What is -7238 (base 9) in base 10?
-5300
Convert 14352 (base 8) to base 3.
22202020
Convert -3a5 (base 16) to base 2.
-1110100101
What is 10101010011110 (base 2) in base 9?
15862
Convert -22210 (base 4) to base 6.
-3044
90bb (base 13) to base 8
46727
Convert -11758 (base 11) to base 16.
-41f2
What is 309 (base 15) in base 16?
2ac
Convert -daa3 (base 14) to base 9.
-56732
4c (base 16) to base 14
56
What is 8 (base 13) in base 8?
10
aa44 (base 13) to base 14
8900
402131 (base 5) to base 13
5a8c
What is 83 (base 13) in base 12?
8b
Convert -7d3 (base 16) to base 6.
-13135
Convert 322 (base 6) to base 5.
442
What is -487c (base 15) in base 6?
-155213
What is -5003 (base 6) in base 7?
-3105
What is 110133232 (base 4) in base 10?
83950
-1040511 (base 6) to base 16
-cb3b
Convert 11d0 (base 16) to base 14.
193a
Convert 7857 (base 11) to base 7.
42111
What is 33414 (base 5) in base 7?
6610
1486 (base 16) to base 11
3a47
Convert 114304 (base 5) to base 8.
10351
Convert -55a5 (base 13) to base 11.
-8a98
What is 19a9 (base 14) in base 2?
1001000110001
Convert -1010220001 (base 3) to base 7.
-122440
-25336 (base 7) to base 6
-50551
What is -5160 (base 7) in base 14?
-930
What is -48d (base 14) in base 16?
-38d
Convert -5104 (base 10) to base 11.
-3920
-72 (base 10) to base 4
-1020
3869 (base 10) to base 13
19b8
-621 (base 10) to base 11
-515
-12c5 (base 16) to base 5
-123210
What is 1246 (base 9) in base 6?
4153
What is -121312 (base 4) in base 10?
-1654
-22302 (base 4) to base 9
-846
Convert 14437 (base 8) to base 6.
45435
What is cb (base 13) in base 12?
11b
-1147 (base 11) to base 5
-22003
Convert -11755 (base 8) to base 7.
-20605
-182d (base 14) to base 3
-12222020
233131 (base 4) to base 9
4144
What is 129 (base 13) in base 15?
d9
Convert -955 (base 16) to base 2.
-100101010101
What is -12041 (base 5) in base 15?
-3eb
Convert -1334 (base 8) to base 3.
-1000010
Convert 5376 (base 11) to base 3.
100202000
-4c68 (base 15) to base 8
-37652
What is -359 (base 16) in base 3?
-1011202
What is -1548c (base 13) in base 8?
-116622
135 (base 12) to base 10
185
-4b09 (base 15) to base 8
-37160
What is 14131 (base 5) in base 7?
3254
What is 7452 (base 9) in base 12?
3202
Convert 5800 (base 9) to base 13.
1c53
1515 (base 6) to base 8
627
What is 1a8a (base 16) in base 7?
25544
Convert 627 (base 12) to base 11.
744
Convert 302201 (base 4) to base 3.
11102202
What is 1473 (base 16) in base 5?
131420
-a9 (base 13) to base 8
-213
What is 111002202 (base 3) in base 12?
563b
-1101100101 (base 2) to base 6
-4005
327 (base 14) to base 5
4443
What is -122120 (base 3) in base 9?
-576
What is 3660 (base 11) in base 14?
1a5b
What is 321233 (base 4) in base 13?
18b3
3022110 (base 4) to base 5
403243
-10211 (base 8) to base 4
-1002021
What is 2666 (base 9) in base 7?
5562
What is -7246 (base 11) in base 16?
-2589
What is 508 (base 11) in base 14?
31b
10000011000 (base 2) to base 8
2030
What is 1499 (base 11) in base 4?
132003
Convert 473 (base 8) to base 7.
630
Convert -1435 (base 6) to base 7.
-1055
What is -3111 (base 6) in base 14?
-375
10a0 (base 13) to base 15
a52
-104 (base 6) to base 11
-37
Convert -2a958 (base 12) to base 10.
-60116
What is a31 (base 14) in base 2?
11111010011
-24036 (base 7) to base 8
-14071
-15364 (base 15) to base 14
-1ac45
What is -13552 (base 8) in base 10?
-5994
9255 (base 10) to base 6
110503
Convert 33431 (base 5) to base 7.
6620
12112102 (base 4) to base 5
1313002
Convert -6788 (base 9) to base 15.
-174b
2120200 (base 4) to base 14
37b2
1113043 (base 6) to base 10
56403
Convert 1216 (base 8) to base 10.
654
What is 823 (base 11) in base 2?
1111100001
What is 18426 (base 9) in base 2?
11000111000101
Convert -10 (base 4) to base 3.
-11
Convert 1010000011 (base 2) to base 6.
2551
Convert -2846 (base 9) to base 2.
-100001100100
300303 (base 4) to base 3
11021200
347 (base 12) to base 13
2b6
-2212 (base 4) to base 6
-434
-4502 (base 11) to base 6
-43243
Convert -1201323 (base 4) to base 14.
-23d9
-10010020 (base 3) to base 10
-2274
What is 110001011100010 (base 2) in base 9?
37646
What is -1a7 (base 12) in base 6?
-1131
-b1b3 (base 13) to base 4
-11332202
Convert 557 (base 11) to base 10.
667
Convert -7c2d (base 16) to base 14.
-b829
Convert a262 (base 13) to base 3.
1010201012
What is 24248 (base 9) in base 14?
5cc4
What is 140503 (base 6) in base 7?
53214
Convert 402 (base 12) to base 9.
712
-104212 (base 7) to base 5
-1041121
650 (base 11) to base 7
2164
What is -3516 (base 15) in base 14?
-4171
1408 (base 10) to base 14
728
6101 (base 9) to base 3
20010001
What is -22481 (base 9) in base 2?
-11101010000001
What is 10574 (base 12) in base 4?
11100220
Convert -7190 (base 13) to base 6.
-200305
What is -107070 (base 9) in base 4?
-33223113
What is 1011100100101 (base 2) in base 13?
290a
What is 4689 (base 13) in base 15?
2e10
What is 110726 (base 8) in base 5?
2143314
5053 (base 7) to base 5
24003
Convert 6862 (base 11) to base 15.
2a17
Convert -12 (base 13) to base 12.
-13
What is -4630 (base 8) in base 3?
-10100222
What is 3695 (base 12) in base 3?
22110012
Convert -1011202 (base 3) to base 13.
-50c
Convert 2c2b (base 15) to base 14.
365d
What is -2303210 (base 4) in base 6?
-125112
What is 2630 (base 13) in base 16?
1547
Convert -20100202 (base 3) to base 13.
-2159
What is -7653 (base 14) in base 5?
-1123312
-6026 (base 9) to base 3
-20000220
What is 124131 (base 6) in base 8?
26027
a05 (base 11) to base 8
2277
-101010 (base 5) to base 14
-1287
Convert 1aba (base 15) to base 3.
21221211
31041 (base 5) to base 13
bc6
What is -1223 (base 5) in base 16?
-bc
What is -13302 (base 6) in base 8?
-4006
-34185 (base 9) to base 10
-22757
Convert 1020000010 (base 3) to base 12.
11b10
929 (base 10) to base 3
1021102
What is -1167 (base 13) in base 3?
-10100210
Convert 2043 (base 7) to base 14.
393
-2441 (base 6) to base 9
-737
-2877 (base 10) to base 5
-43002
What is -1102001101 (base 3) in base 11?
-19928
What is b4c (base 13) in base 3?
2122020
-1010000010 (base 2) to base 14
-33c
Convert -44d (base 15) to base 6.
-4301
1006 (base 7) to base 3
110221
What is 4415 (base 6) in base 14?
52b
What is 42d (base 16) in base 5?
13234
Convert -61011 (base 7) to base 16.
-39a5
-38c (base 16) to base 15
-408
-2b9 (base 12) to base 14
-229
Convert 185ab (base 12) to base 6.
431535
-75137 (base 10) to base 8
-222601
What is 1321a (base 12) in base 6?
321234
What is -5550 (base 7) in base 4?
-133023
132a (base 11) to base 15
7a1
What is 1c61 (base 16) in base 6?
53345
2304 (base 5) to base 3
110012
-1d4 (base 16) to base 10
-468
What is -9827 (base 14) in base 6?
-321431
2a (base 15